{"id":185,"date":"2025-04-08T10:52:31","date_gmt":"2025-04-08T08:52:31","guid":{"rendered":"https:\/\/portfolio.chloe.sagnole.mmi-velizy.fr\/wordpress\/?page_id=185"},"modified":"2025-04-09T22:34:56","modified_gmt":"2025-04-09T20:34:56","slug":"objectif-futur","status":"publish","type":"page","link":"https:\/\/portfolio.chloe.sagnole.mmi-velizy.fr\/wordpress\/objectif-futur\/","title":{"rendered":"Objectifs Futurs"},"content":{"rendered":"\n<p class=\"has-large-font-size\"><strong>Je souhaite exercer l&rsquo;un des m\u00e9tiers suivants:<\/strong><\/p>\n\n\n\n<ul class=\"wp-block-list\">\n<li class=\"has-medium-font-size\"><strong>Vid\u00e9aste \/ Monteur Vid\u00e9o<\/strong><\/li>\n<\/ul>\n\n\n\n<p class=\"has-medium-font-size\"><strong>Secteur<\/strong> : Production audiovisuelle, agences de communication, freelancing.<\/p>\n\n\n\n<p><strong>Description<\/strong> : Le vid\u00e9aste capture et monte des vid\u00e9os, souvent pour des projets promotionnels, des films, des \u00e9v\u00e9nements ou des r\u00e9seaux sociaux. Il peut aussi \u00eatre responsable de la prise de son et de l&rsquo;\u00e9clairage.<\/p>\n\n\n\n<p><strong>Comp\u00e9tences cl\u00e9s<\/strong> : Ma\u00eetrise des logiciels de montage comme Premiere Pro, Final Cut Pro, After Effects. Comp\u00e9tences en photographie et prise de vue.<\/p>\n\n\n\n<ul class=\"wp-block-list\">\n<li class=\"has-medium-font-size\"><strong>Photographe Num\u00e9rique \/ Retoucheur<\/strong><\/li>\n<\/ul>\n\n\n\n<p class=\"has-medium-font-size\"><strong>Secteur<\/strong> : Freelance, agences de communication, entreprises de production photo.<\/p>\n\n\n\n<p><strong>Description<\/strong> : En tant que photographe num\u00e9rique, vous pouvez travailler pour des \u00e9v\u00e9nements, des entreprises, ou dans le secteur cr\u00e9atif. Vous pouvez aussi vous sp\u00e9cialiser dans la retouche photo pour des magazines, des sites web, des publicit\u00e9s, etc.<\/p>\n\n\n\n<p><strong>Comp\u00e9tences cl\u00e9s<\/strong> : Ma\u00eetrise des appareils photo num\u00e9riques, des techniques de composition et d\u2019\u00e9clairage, et des logiciels de retouche photo comme Photoshop.<\/p>\n\n\n\n<ul class=\"wp-block-list\">\n<li><strong>Community Manager \/ Social Media Manager<\/strong><\/li>\n<\/ul>\n\n\n\n<p><strong>Description<\/strong> : Le community manager est charg\u00e9 de g\u00e9rer l&rsquo;image d&rsquo;une marque ou d&rsquo;une entreprise sur les r\u00e9seaux sociaux. Il cr\u00e9e du contenu, interagit avec les utilisateurs et d\u00e9veloppe des strat\u00e9gies pour am\u00e9liorer la visibilit\u00e9 de la marque.<\/p>\n\n\n\n<p><strong>Comp\u00e9tences cl\u00e9s<\/strong> : Connaissance des r\u00e9seaux sociaux, r\u00e9daction de contenu, gestion de campagnes publicitaires sur les plateformes sociales (Facebook, Instagram, Twitter, LinkedIn).<\/p>\n\n\n\n<p><strong>Secteur<\/strong> : Agences de communication, entreprises, freelancing.<\/p>\n\n\n\n<p><\/p>\n","protected":false},"excerpt":{"rendered":"<p>Je souhaite exercer l&rsquo;un des m\u00e9tiers suivants: Secteur : Production audiovisuelle, agences de communication, freelancing. Description : Le vid\u00e9aste capture et monte des vid\u00e9os, souvent pour des projets promotionnels, des films, des \u00e9v\u00e9nements ou des r\u00e9seaux sociaux. Il peut aussi \u00eatre responsable de la prise de son et de l&rsquo;\u00e9clairage. Comp\u00e9tences cl\u00e9s : Ma\u00eetrise des&#8230;<\/p>\n","protected":false},"author":1,"featured_media":0,"parent":0,"menu_order":0,"comment_status":"closed","ping_status":"closed","template":"","meta":{"_kad_post_transparent":"","_kad_post_title":"","_kad_post_layout":"","_kad_post_sidebar_id":"","_kad_post_content_style":"","_kad_post_vertical_padding":"","_kad_post_feature":"","_kad_post_feature_position":"","_kad_post_header":false,"_kad_post_footer":false,"_vp_format_video_url":"","_vp_image_focal_point":[],"footnotes":""},"class_list":["post-185","page","type-page","status-publish","hentry"],"_links":{"self":[{"href":"https:\/\/portfolio.chloe.sagnole.mmi-velizy.fr\/wordpress\/wp-json\/wp\/v2\/pages\/185","targetHints":{"allow":["GET"]}}],"collection":[{"href":"https:\/\/portfolio.chloe.sagnole.mmi-velizy.fr\/wordpress\/wp-json\/wp\/v2\/pages"}],"about":[{"href":"https:\/\/portfolio.chloe.sagnole.mmi-velizy.fr\/wordpress\/wp-json\/wp\/v2\/types\/page"}],"author":[{"embeddable":true,"href":"https:\/\/portfolio.chloe.sagnole.mmi-velizy.fr\/wordpress\/wp-json\/wp\/v2\/users\/1"}],"replies":[{"embeddable":true,"href":"https:\/\/portfolio.chloe.sagnole.mmi-velizy.fr\/wordpress\/wp-json\/wp\/v2\/comments?post=185"}],"version-history":[{"count":7,"href":"https:\/\/portfolio.chloe.sagnole.mmi-velizy.fr\/wordpress\/wp-json\/wp\/v2\/pages\/185\/revisions"}],"predecessor-version":[{"id":345,"href":"https:\/\/portfolio.chloe.sagnole.mmi-velizy.fr\/wordpress\/wp-json\/wp\/v2\/pages\/185\/revisions\/345"}],"wp:attachment":[{"href":"https:\/\/portfolio.chloe.sagnole.mmi-velizy.fr\/wordpress\/wp-json\/wp\/v2\/media?parent=185"}],"curies":[{"name":"wp","href":"https:\/\/api.w.org\/{rel}","templated":true}]}}